{"id":1663,"date":"2022-05-03T04:51:03","date_gmt":"2022-05-03T07:51:03","guid":{"rendered":"https:\/\/asesoria.larioja.gob.ar\/?page_id=1663"},"modified":"2024-09-05T13:39:50","modified_gmt":"2024-09-05T16:39:50","slug":"doctrina-administrativa-y-jurisprudencia","status":"publish","type":"page","link":"https:\/\/asesoria.larioja.gob.ar\/index.php\/doctrina-administrativa-y-jurisprudencia\/","title":{"rendered":"Doctrina Administrativa y Jurisprudencia"},"content":{"rendered":"\t\t<div data-elementor-type=\"wp-post\" data-elementor-id=\"1663\" class=\"elementor elementor-1663\">\n\t\t\t\t\t\t\t\t\t<section class=\"elementor-section elementor-top-section elementor-element elementor-element-36d58428 elementor-section-content-middle elementor-section-boxed elementor-section-height-default elementor-section-height-default\" data-id=\"36d58428\" data-element_type=\"section\" data-settings=\"{&quot;background_background&quot;:&quot;classic&quot;}\">\n\t\t\t\t\t\t<div class=\"elementor-container elementor-column-gap-default\">\n\t\t\t\t\t<div class=\"elementor-column elementor-col-50 elementor-top-column elementor-element elementor-element-13913e5d\" data-id=\"13913e5d\" data-element_type=\"column\">\n\t\t\t<div class=\"elementor-widget-wrap elementor-element-populated\">\n\t\t\t\t\t\t\t\t<div class=\"elementor-element elementor-element-4a56f5f9 elementor-widget elementor-widget-image\" data-id=\"4a56f5f9\" data-element_type=\"widget\" data-widget_type=\"image.default\">\n\t\t\t\t<div class=\"elementor-widget-container\">\n\t\t\t<style>\/*! elementor - v3.7.7 - 20-09-2022 *\/\n.elementor-widget-image{text-align:center}.elementor-widget-image a{display:inline-block}.elementor-widget-image a img[src$=\".svg\"]{width:48px}.elementor-widget-image img{vertical-align:middle;display:inline-block}<\/style>\t\t\t\t\t\t\t\t\t\t\t\t<img loading=\"lazy\" decoding=\"async\" width=\"259\" height=\"194\" src=\"https:\/\/asesoria.larioja.gob.ar\/wp-content\/uploads\/2022\/04\/legislacionprov.jpg\" class=\"attachment-full size-full\" alt=\"\" srcset=\"https:\/\/asesoria.larioja.gob.ar\/wp-content\/uploads\/2022\/04\/legislacionprov.jpg 259w, https:\/\/asesoria.larioja.gob.ar\/wp-content\/uploads\/2022\/04\/legislacionprov-100x75.jpg 100w\" sizes=\"auto, (max-width: 259px) 100vw, 259px\" \/>\t\t\t\t\t\t\t\t\t\t\t\t\t\t\t<\/div>\n\t\t\t\t<\/div>\n\t\t\t\t\t<\/div>\n\t\t<\/div>\n\t\t\t\t<div class=\"elementor-column elementor-col-50 elementor-top-column elementor-element elementor-element-742f8c24\" data-id=\"742f8c24\" data-element_type=\"column\">\n\t\t\t<div class=\"elementor-widget-wrap elementor-element-populated\">\n\t\t\t\t\t\t\t\t<div class=\"elementor-element elementor-element-b69babb elementor-widget elementor-widget-heading\" data-id=\"b69babb\" data-element_type=\"widget\" data-widget_type=\"heading.default\">\n\t\t\t\t<div class=\"elementor-widget-container\">\n\t\t\t<style>\/*! elementor - v3.7.7 - 20-09-2022 *\/\n.elementor-heading-title{padding:0;margin:0;line-height:1}.elementor-widget-heading .elementor-heading-title[class*=elementor-size-]>a{color:inherit;font-size:inherit;line-height:inherit}.elementor-widget-heading .elementor-heading-title.elementor-size-small{font-size:15px}.elementor-widget-heading .elementor-heading-title.elementor-size-medium{font-size:19px}.elementor-widget-heading .elementor-heading-title.elementor-size-large{font-size:29px}.elementor-widget-heading .elementor-heading-title.elementor-size-xl{font-size:39px}.elementor-widget-heading .elementor-heading-title.elementor-size-xxl{font-size:59px}<\/style><h4 class=\"elementor-heading-title elementor-size-default\">Normativa<\/h4>\t\t<\/div>\n\t\t\t\t<\/div>\n\t\t\t\t<div class=\"elementor-element elementor-element-2769737 elementor-widget elementor-widget-heading\" data-id=\"2769737\" data-element_type=\"widget\" data-widget_type=\"heading.default\">\n\t\t\t\t<div class=\"elementor-widget-container\">\n\t\t\t<h2 class=\"elementor-heading-title elementor-size-default\">Doctrina Administrativa y Jurisprudencia<\/h2>\t\t<\/div>\n\t\t\t\t<\/div>\n\t\t\t\t\t<\/div>\n\t\t<\/div>\n\t\t\t\t\t\t\t<\/div>\n\t\t<\/section>\n\t\t\t\t<section class=\"elementor-section elementor-top-section elementor-element elementor-element-22f4327 elementor-section-boxed elementor-section-height-default elementor-section-height-default\" data-id=\"22f4327\" data-element_type=\"section\">\n\t\t\t\t\t\t<div class=\"elementor-container elementor-column-gap-default\">\n\t\t\t\t\t<div class=\"elementor-column elementor-col-100 elementor-top-column elementor-element elementor-element-bb461ae\" data-id=\"bb461ae\" data-element_type=\"column\">\n\t\t\t<div class=\"elementor-widget-wrap elementor-element-populated\">\n\t\t\t\t\t\t\t\t<div class=\"elementor-element elementor-element-bb49ebe elementor-widget elementor-widget-heading\" data-id=\"bb49ebe\" data-element_type=\"widget\" data-widget_type=\"heading.default\">\n\t\t\t\t<div class=\"elementor-widget-container\">\n\t\t\t<h2 class=\"elementor-heading-title elementor-size-default\">Acceso a contenidos<\/h2>\t\t<\/div>\n\t\t\t\t<\/div>\n\t\t\t\t\t<\/div>\n\t\t<\/div>\n\t\t\t\t\t\t\t<\/div>\n\t\t<\/section>\n\t\t\t\t<section class=\"elementor-section elementor-top-section elementor-element elementor-element-572b8e8 elementor-section-boxed elementor-section-height-default elementor-section-height-default\" data-id=\"572b8e8\" data-element_type=\"section\">\n\t\t\t\t\t\t<div class=\"elementor-container elementor-column-gap-default\">\n\t\t\t\t\t<div class=\"elementor-column elementor-col-100 elementor-top-column elementor-element elementor-element-7ee221a\" data-id=\"7ee221a\" data-element_type=\"column\">\n\t\t\t<div class=\"elementor-widget-wrap elementor-element-populated\">\n\t\t\t\t\t\t\t\t<div class=\"elementor-element elementor-element-efb103b elementor-widget elementor-widget-eael-adv-accordion\" data-id=\"efb103b\" data-element_type=\"widget\" data-widget_type=\"eael-adv-accordion.default\">\n\t\t\t\t<div class=\"elementor-widget-container\">\n\t\t\t        <div class=\"eael-adv-accordion\" id=\"eael-adv-accordion-efb103b\" data-accordion-id=\"efb103b\" data-accordion-type=\"accordion\" data-toogle-speed=\"300\">\n    <div class=\"eael-accordion-list\">\n                <div id=\"compendio-de-jurisprudencias-y-dictmenes-administrativos\" class=\"elementor-tab-title eael-accordion-header\" tabindex=\"2511\" data-tab=\"1\" role=\"tab\" aria-controls=\"elementor-tab-content-2511\"><span class=\"eael-advanced-accordion-icon-closed\"><i aria-hidden=\"true\" class=\"fa-accordion-icon fas fa-plus\"><\/i><\/span><span class=\"eael-advanced-accordion-icon-opened\"><i aria-hidden=\"true\" class=\"fa-accordion-icon fas fa-minus\"><\/i><\/span><span class=\"eael-accordion-tab-title\">Compendio de Jurisprudencias y Dict\u00e1menes Administrativos<\/span><i aria-hidden=\"true\" class=\"fa-toggle fas fa-angle-right\"><\/i><\/div><div id=\"elementor-tab-content-2511\" class=\"eael-accordion-content clearfix\" data-tab=\"1\" role=\"tabpanel\" aria-labelledby=\"compendio-de-jurisprudencias-y-dictmenes-administrativos\"><p><p><a href=\"http:\/\/www.boletinoflarioja.com.ar\/boletin\/2024-09-03.pdf\"><b>Ingresar<\/b><\/a><\/p><\/p><\/div>\n                <\/div><div class=\"eael-accordion-list\">\n                <div id=\"fallos-corte-suprema-de-justicia-de-la-nacin\" class=\"elementor-tab-title eael-accordion-header\" tabindex=\"2512\" data-tab=\"2\" role=\"tab\" aria-controls=\"elementor-tab-content-2512\"><span class=\"eael-advanced-accordion-icon-closed\"><i aria-hidden=\"true\" class=\"fa-accordion-icon fas fa-plus\"><\/i><\/span><span class=\"eael-advanced-accordion-icon-opened\"><i aria-hidden=\"true\" class=\"fa-accordion-icon fas fa-minus\"><\/i><\/span><span class=\"eael-accordion-tab-title\">Fallos Corte Suprema de Justicia de la Naci\u00f3n<\/span><i aria-hidden=\"true\" class=\"fa-toggle fas fa-angle-right\"><\/i><\/div><div id=\"elementor-tab-content-2512\" class=\"eael-accordion-content clearfix\" data-tab=\"2\" role=\"tabpanel\" aria-labelledby=\"fallos-corte-suprema-de-justicia-de-la-nacin\"><p><p><a href=\"https:\/\/sjconsulta.csjn.gov.ar\/sjconsulta\/fallos\/consulta.html\"><b>Ingresar<\/b><\/a><\/p><\/p><\/div>\n                <\/div><div class=\"eael-accordion-list\">\n                <div id=\"dictmenes-procuracin-nacional-del-tesoro\" class=\"elementor-tab-title eael-accordion-header\" tabindex=\"2513\" data-tab=\"3\" role=\"tab\" aria-controls=\"elementor-tab-content-2513\"><span class=\"eael-advanced-accordion-icon-closed\"><i aria-hidden=\"true\" class=\"fa-accordion-icon fas fa-plus\"><\/i><\/span><span class=\"eael-advanced-accordion-icon-opened\"><i aria-hidden=\"true\" class=\"fa-accordion-icon fas fa-minus\"><\/i><\/span><span class=\"eael-accordion-tab-title\">Dict\u00e1menes Procuraci\u00f3n Nacional del Tesoro<\/span><i aria-hidden=\"true\" class=\"fa-toggle fas fa-angle-right\"><\/i><\/div><div id=\"elementor-tab-content-2513\" class=\"eael-accordion-content clearfix\" data-tab=\"3\" role=\"tabpanel\" aria-labelledby=\"dictmenes-procuracin-nacional-del-tesoro\"><p><p><a href=\"https:\/\/www.ptn.gob.ar\/buscarDictamenes\/page\/acceder-al-buscardor\"><b>Ingresar<\/b><\/a><\/p><\/p><\/div>\n                <\/div><div class=\"eael-accordion-list\">\n                <div id=\"jurisprudencia-corte-suprema-de-justicia-de-la-nacin\" class=\"elementor-tab-title eael-accordion-header\" tabindex=\"2514\" data-tab=\"4\" role=\"tab\" aria-controls=\"elementor-tab-content-2514\"><span class=\"eael-advanced-accordion-icon-closed\"><i aria-hidden=\"true\" class=\"fa-accordion-icon fas fa-plus\"><\/i><\/span><span class=\"eael-advanced-accordion-icon-opened\"><i aria-hidden=\"true\" class=\"fa-accordion-icon fas fa-minus\"><\/i><\/span><span class=\"eael-accordion-tab-title\">Jurisprudencia Corte Suprema de Justicia de la Naci\u00f3n<\/span><i aria-hidden=\"true\" class=\"fa-toggle fas fa-angle-right\"><\/i><\/div><div id=\"elementor-tab-content-2514\" class=\"eael-accordion-content clearfix\" data-tab=\"4\" role=\"tabpanel\" aria-labelledby=\"jurisprudencia-corte-suprema-de-justicia-de-la-nacin\"><p><p><a href=\"https:\/\/sj.csjn.gov.ar\/homeSJ\/\"><b>Ingresar<\/b><\/a><\/p><\/p><\/div>\n                <\/div><div class=\"eael-accordion-list\">\n                <div id=\"archivo-histrico-nacional\" class=\"elementor-tab-title eael-accordion-header\" tabindex=\"2515\" data-tab=\"5\" role=\"tab\" aria-controls=\"elementor-tab-content-2515\"><span class=\"eael-advanced-accordion-icon-closed\"><i aria-hidden=\"true\" class=\"fa-accordion-icon fas fa-plus\"><\/i><\/span><span class=\"eael-advanced-accordion-icon-opened\"><i aria-hidden=\"true\" class=\"fa-accordion-icon fas fa-minus\"><\/i><\/span><span class=\"eael-accordion-tab-title\">Archivo Hist\u00f3rico Nacional<\/span><i aria-hidden=\"true\" class=\"fa-toggle fas fa-angle-right\"><\/i><\/div><div id=\"elementor-tab-content-2515\" class=\"eael-accordion-content clearfix\" data-tab=\"5\" role=\"tabpanel\" aria-labelledby=\"archivo-histrico-nacional\"><p><p><strong><a href=\"https:\/\/www.argentina.gob.ar\/interior\/archivo-general-de-la-nacion\">Ingresar<\/a><\/strong><\/p><\/p><\/div>\n                <\/div><\/div>\t\t<\/div>\n\t\t\t\t<\/div>\n\t\t\t\t\t<\/div>\n\t\t<\/div>\n\t\t\t\t\t\t\t<\/div>\n\t\t<\/section>\n\t\t\t\t\t\t\t<\/div>\n\t\t","protected":false},"excerpt":{"rendered":"<p>Normativa Doctrina Administrativa y Jurisprudencia Acceso a contenidos Compendio de Jurisprudencias y Dict\u00e1menes Administrativos Ingresar Fallos Corte Suprema de Justicia de la Naci\u00f3n Ingresar Dict\u00e1menes Procuraci\u00f3n Nacional del Tesoro Ingresar Jurisprudencia Corte Suprema de Justicia de la Naci\u00f3n Ingresar Archivo Hist\u00f3rico Nacional Ingresar<\/p>\n","protected":false},"author":1,"featured_media":0,"parent":0,"menu_order":0,"comment_status":"closed","ping_status":"closed","template":"page-templates\/pagebuilder.php","meta":{"footnotes":""},"class_list":["post-1663","page","type-page","status-publish","hentry"],"_links":{"self":[{"href":"https:\/\/asesoria.larioja.gob.ar\/index.php\/wp-json\/wp\/v2\/pages\/1663","targetHints":{"allow":["GET"]}}],"collection":[{"href":"https:\/\/asesoria.larioja.gob.ar\/index.php\/wp-json\/wp\/v2\/pages"}],"about":[{"href":"https:\/\/asesoria.larioja.gob.ar\/index.php\/wp-json\/wp\/v2\/types\/page"}],"author":[{"embeddable":true,"href":"https:\/\/asesoria.larioja.gob.ar\/index.php\/wp-json\/wp\/v2\/users\/1"}],"replies":[{"embeddable":true,"href":"https:\/\/asesoria.larioja.gob.ar\/index.php\/wp-json\/wp\/v2\/comments?post=1663"}],"version-history":[{"count":13,"href":"https:\/\/asesoria.larioja.gob.ar\/index.php\/wp-json\/wp\/v2\/pages\/1663\/revisions"}],"predecessor-version":[{"id":1930,"href":"https:\/\/asesoria.larioja.gob.ar\/index.php\/wp-json\/wp\/v2\/pages\/1663\/revisions\/1930"}],"wp:attachment":[{"href":"https:\/\/asesoria.larioja.gob.ar\/index.php\/wp-json\/wp\/v2\/media?parent=1663"}],"curies":[{"name":"wp","href":"https:\/\/api.w.org\/{rel}","templated":true}]}}